{"id":360,"date":"2025-01-27T10:59:26","date_gmt":"2025-01-27T10:59:26","guid":{"rendered":"https:\/\/www.vandaestet.fi\/?page_id=360"},"modified":"2025-01-27T10:59:26","modified_gmt":"2025-01-27T10:59:26","slug":"kosmetologia-miehille","status":"publish","type":"page","link":"http:\/\/www.vandaestet.fi\/index.php\/kosmetologia-miehille\/","title":{"rendered":"Kosmetologia miehille"},"content":{"rendered":"\n<div class=\"wp-block-group alignfull has-accent-4-background-color has-background is-vertical is-content-justification-center is-nowrap is-layout-flex wp-container-core-group-is-layout-3 wp-block-group-is-layout-flex\" style=\"min-height:100vh;margin-top:0;margin-bottom:0;padding-top:var(--wp--preset--spacing--50);padding-right:var(--wp--preset--spacing--50);padding-bottom:var(--wp--preset--spacing--50);padding-left:var(--wp--preset--spacing--50)\">\n<div class=\"wp-block-columns alignwide are-vertically-aligned-center is-layout-flex wp-container-core-columns-is-layout-1 wp-block-columns-is-layout-flex\">\n<div class=\"wp-block-column is-vertically-aligned-center is-layout-flow wp-block-column-is-layout-flow\" style=\"flex-basis:40%\">\n<p class=\"has-text-align-right\"> <\/p>\n\n\n\n<div class=\"wp-block-group is-layout-flow wp-container-core-group-is-layout-2 wp-block-group-is-layout-flow\" style=\"min-height:100%;margin-top:0;margin-bottom:0;padding-right:0;padding-left:0\">\n<div class=\"wp-block-group has-global-padding is-content-justification-left is-layout-constrained wp-container-core-group-is-layout-1 wp-block-group-is-layout-constrained\" style=\"padding-right:0;padding-left:0\">\n<p><\/p>\n\n\n\n<p class=\"has-small-font-size wp-container-content-1\">Kosmetologia on tulossa yh\u00e4 suosituimmaksi miesten keskuudessa. T\u00e4m\u00e4 ei vain paranna ulkon\u00e4k\u00f6\u00e4, vaan auttaa my\u00f6s p\u00e4\u00e4sem\u00e4\u00e4n eroon ongelmist\u00e4, esim parranajon aiheuttamia iho-ongelmista, aknesta, akneavista, ruusufinnist\u00e4, pigmenttil\u00e4iskist\u00e4. Esteettisen kosmetologia auttaa parantamaan miehen kasvotyypin piirteit\u00e4, esim. t\u00e4yttt\u00e4m\u00e4ll\u00e4 leukaa ja alaleukakulmia t\u00e4yteaineella.<\/p>\n\n\n\n<p class=\"has-small-font-size wp-container-content-2\">Ihon \u00e4rsytys- aurinko, tuuli, p\u00f6ly tai ilmastointi voivat aiheuttaa ihon kuivuutta, hilseily\u00e4 ja muita ep\u00e4miellytt\u00e4vi\u00e4 oireita erityisesti herk\u00e4ll\u00e4 iholla. \u00c4rsytys saattaa pahentua tupakoivilla ja runsaasti alkoholia k\u00e4ytt\u00e4vill\u00e4 miehill\u00e4<\/p>\n\n\n\n<p class=\"has-small-font-size\">Pseudefollikulliittiin liittyy ihon sis\u00e4\u00e4n kasvaneita karvoja, jotka johtavat \u00e4rsytykseen ja aiheuttavat pieni\u00e4 n\u00e4ppyl\u00f6it\u00e4. Ilmenee s\u00e4\u00e4nn\u00f6llisen parranajon j\u00e4lkeen.<\/p>\n\n\n\n<p class=\"has-small-font-size\">Ruusufinni esiintyy >35 vuotiailla miehill\u00e4. Ruusufinni sijaitsee leuassa, poskissa tai otsassa. Iho \u00e4rtyy parranajon aikana.<\/p>\n\n\n\n<p class=\"has-small-font-size wp-container-content-3\">Akne- testosteronin aktiivinen tuotanto johtaa liikarasvan eritykseen, mik\u00e4 on hyv\u00e4 perusta bakteerien kasvulle. Miehen iholla on paksumpi epidermis ja suuremmat huokoset, jotka tukkeutuvat helpommin akviivisesta el\u00e4m\u00e4ntavasta ja oikeasta ruokavaliosta riippumatta.<\/p>\n\n\n\n<div class=\"wp-block-buttons is-layout-flex wp-block-buttons-is-layout-flex\"><\/div>\n<\/div>\n<\/div>\n<\/div>\n\n\n\n<div class=\"wp-block-column is-vertically-aligned-top is-layout-flow wp-block-column-is-layout-flow\" style=\"flex-basis:60%\">\n<figure class=\"wp-block-image size-large is-style-rounded is-style-rounded--1\"><img loading=\"lazy\" decoding=\"async\" width=\"1024\" height=\"683\" src=\"http:\/\/www.vandaestet.fi\/wp-content\/uploads\/2025\/01\/pexels-omarmedinaoficial-16131206-1-1024x683.jpg\" alt=\"\" class=\"wp-image-361\" style=\"aspect-ratio:3\/4;object-fit:cover\" srcset=\"http:\/\/www.vandaestet.fi\/wp-content\/uploads\/2025\/01\/pexels-omarmedinaoficial-16131206-1-1024x683.jpg 1024w, http:\/\/www.vandaestet.fi\/wp-content\/uploads\/2025\/01\/pexels-omarmedinaoficial-16131206-1-300x200.jpg 300w, http:\/\/www.vandaestet.fi\/wp-content\/uploads\/2025\/01\/pexels-omarmedinaoficial-16131206-1-768x512.jpg 768w, http:\/\/www.vandaestet.fi\/wp-content\/uploads\/2025\/01\/pexels-omarmedinaoficial-16131206-1-1536x1024.jpg 1536w, http:\/\/www.vandaestet.fi\/wp-content\/uploads\/2025\/01\/pexels-omarmedinaoficial-16131206-1-2048x1365.jpg 2048w\" sizes=\"auto, (max-width: 1024px) 100vw, 1024px\" \/><\/figure>\n<\/div>\n<\/div>\n<\/div>\n","protected":false},"excerpt":{"rendered":"<p>Kosmetologia on tulossa yh\u00e4 suosituimmaksi miesten keskuudessa. T\u00e4m\u00e4 ei vain paranna ulkon\u00e4k\u00f6\u00e4, vaan auttaa my\u00f6s p\u00e4\u00e4sem\u00e4\u00e4n eroon ongelmist\u00e4, esim parranajon aiheuttamia iho-ongelmista, aknesta, akneavista, ruusufinnist\u00e4, pigmenttil\u00e4iskist\u00e4. Esteettisen kosmetologia auttaa parantamaan miehen kasvotyypin piirteit\u00e4, esim. t\u00e4yttt\u00e4m\u00e4ll\u00e4 leukaa ja alaleukakulmia t\u00e4yteaineella. Ihon \u00e4rsytys- aurinko, tuuli, p\u00f6ly tai ilmastointi voivat aiheuttaa ihon kuivuutta, hilseily\u00e4 ja muita ep\u00e4miellytt\u00e4vi\u00e4 oireita [&hellip;]<\/p>\n","protected":false},"author":1,"featured_media":0,"parent":0,"menu_order":0,"comment_status":"closed","ping_status":"closed","template":"","meta":{"footnotes":""},"class_list":["post-360","page","type-page","status-publish","hentry"],"_links":{"self":[{"href":"http:\/\/www.vandaestet.fi\/index.php\/wp-json\/wp\/v2\/pages\/360","targetHints":{"allow":["GET"]}}],"collection":[{"href":"http:\/\/www.vandaestet.fi\/index.php\/wp-json\/wp\/v2\/pages"}],"about":[{"href":"http:\/\/www.vandaestet.fi\/index.php\/wp-json\/wp\/v2\/types\/page"}],"author":[{"embeddable":true,"href":"http:\/\/www.vandaestet.fi\/index.php\/wp-json\/wp\/v2\/users\/1"}],"replies":[{"embeddable":true,"href":"http:\/\/www.vandaestet.fi\/index.php\/wp-json\/wp\/v2\/comments?post=360"}],"version-history":[{"count":1,"href":"http:\/\/www.vandaestet.fi\/index.php\/wp-json\/wp\/v2\/pages\/360\/revisions"}],"predecessor-version":[{"id":362,"href":"http:\/\/www.vandaestet.fi\/index.php\/wp-json\/wp\/v2\/pages\/360\/revisions\/362"}],"wp:attachment":[{"href":"http:\/\/www.vandaestet.fi\/index.php\/wp-json\/wp\/v2\/media?parent=360"}],"curies":[{"name":"wp","href":"https:\/\/api.w.org\/{rel}","templated":true}]}}

<div class="wp-block-group alignfull has-accent-4-background-color has-background is-vertical is-content-justification-center is-nowrap is-layout-flex wp-container-core-group-is-layout-3 wp-block-group-is-layout-flex" style="min-height:100vh;margin-top:0;margin-bottom:0;padding-top:var(--wp--preset--spacing--50);padding-right:var(--wp--preset--spacing--50);padding-bottom:var(--wp--preset--spacing--50);padding-left:var(--wp--preset--spacing--50)">
<div class="wp-block-columns alignwide are-vertically-aligned-center is-layout-flex wp-container-core-columns-is-layout-1 wp-block-columns-is-layout-flex">
<div class="wp-block-column is-vertically-aligned-center is-layout-flow wp-block-column-is-layout-flow" style="flex-basis:40%">
<p class="has-text-align-right"> </p>



<div class="wp-block-group is-layout-flow wp-container-core-group-is-layout-2 wp-block-group-is-layout-flow" style="min-height:100%;margin-top:0;margin-bottom:0;padding-right:0;padding-left:0">
<div class="wp-block-group has-global-padding is-content-justification-left is-layout-constrained wp-container-core-group-is-layout-1 wp-block-group-is-layout-constrained" style="padding-right:0;padding-left:0">
<p></p>



<p class="has-small-font-size wp-container-content-1">Kosmetologia on tulossa yhä suosituimmaksi miesten keskuudessa. Tämä ei vain paranna ulkonäköä, vaan auttaa myös pääsemään eroon ongelmistä, esim parranajon aiheuttamia iho-ongelmista, aknesta, akneavista, ruusufinnistä, pigmenttiläiskistä. Esteettisen kosmetologia auttaa parantamaan miehen kasvotyypin piirteitä, esim. täytttämällä leukaa ja alaleukakulmia täyteaineella.</p>



<p class="has-small-font-size wp-container-content-2">Ihon ärsytys- aurinko, tuuli, pöly tai ilmastointi voivat aiheuttaa ihon kuivuutta, hilseilyä ja muita epämiellyttäviä oireita erityisesti herkällä iholla. Ärsytys saattaa pahentua tupakoivilla ja runsaasti alkoholia käyttävillä miehillä</p>



<p class="has-small-font-size">Pseudefollikulliittiin liittyy ihon sisään kasvaneita karvoja, jotka johtavat ärsytykseen ja aiheuttavat pieniä näppylöitä. Ilmenee säännöllisen parranajon jälkeen.</p>



<p class="has-small-font-size">Ruusufinni esiintyy >35 vuotiailla miehillä. Ruusufinni sijaitsee leuassa, poskissa tai otsassa. Iho ärtyy parranajon aikana.</p>



<p class="has-small-font-size wp-container-content-3">Akne- testosteronin aktiivinen tuotanto johtaa liikarasvan eritykseen, mikä on hyvä perusta bakteerien kasvulle. Miehen iholla on paksumpi epidermis ja suuremmat huokoset, jotka tukkeutuvat helpommin akviivisesta elämäntavasta ja oikeasta ruokavaliosta riippumatta.</p>



<div class="wp-block-buttons is-layout-flex wp-block-buttons-is-layout-flex"></div>
</div>
</div>
</div>



<div class="wp-block-column is-vertically-aligned-top is-layout-flow wp-block-column-is-layout-flow" style="flex-basis:60%">
<figure class="wp-block-image size-large is-style-rounded is-style-rounded--1"><img loading="lazy" decoding="async" width="1024" height="683" src="http://www.vandaestet.fi/wp-content/uploads/2025/01/pexels-omarmedinaoficial-16131206-1-1024x683.jpg" alt="" class="wp-image-361" style="aspect-ratio:3/4;object-fit:cover" srcset="http://www.vandaestet.fi/wp-content/uploads/2025/01/pexels-omarmedinaoficial-16131206-1-1024x683.jpg 1024w, http://www.vandaestet.fi/wp-content/uploads/2025/01/pexels-omarmedinaoficial-16131206-1-300x200.jpg 300w, http://www.vandaestet.fi/wp-content/uploads/2025/01/pexels-omarmedinaoficial-16131206-1-768x512.jpg 768w, http://www.vandaestet.fi/wp-content/uploads/2025/01/pexels-omarmedinaoficial-16131206-1-1536x1024.jpg 1536w, http://www.vandaestet.fi/wp-content/uploads/2025/01/pexels-omarmedinaoficial-16131206-1-2048x1365.jpg 2048w" sizes="auto, (max-width: 1024px) 100vw, 1024px" /></figure>
</div>
</div>
</div>

<p>Kosmetologia on tulossa yhä suosituimmaksi miesten keskuudessa. Tämä ei vain paranna ulkonäköä, vaan auttaa myös pääsemään eroon ongelmistä, esim parranajon aiheuttamia iho-ongelmista, aknesta, akneavista, ruusufinnistä, pigmenttiläiskistä. Esteettisen kosmetologia auttaa parantamaan miehen kasvotyypin piirteitä, esim. täytttämällä leukaa ja alaleukakulmia täyteaineella. Ihon ärsytys- aurinko, tuuli, pöly tai ilmastointi voivat aiheuttaa ihon kuivuutta, hilseilyä ja muita epämiellyttäviä oireita [&hellip;]</p>
